9. Let f = -29 + 18. Let p be j(f). Let c(r) = 4*r - 5 - p*r - r + 0*r. Calculate c(0).
-5
Suppose 4*g + 7*z - 3*z - 28 = 0, 4*g = 5*z - 17. Suppose -4*b + 6*b = -2, -b = w - 3. Let c(f) = 9*f - 1 + w*f**g - f - 6*f. Determine c(1).
5
Let m(u) = u**3 + 4*u**2 - u + 7. Suppose 184*v + 12 = 181*v. What is m(v)?
11
Let t be 11/2 - 4/8. Let q be 1/t + 413/35. Let x(d) = q - 1 - 3*d + d**2 - 8. Determine x(2).
1
Let h(d) = -9*d - 5. Let x(s) = 6 + 1 - 8 + 4*s + 4. Let k(f) = -3*h(f) - 7*x(f). Calculate k(0).
-6
Let s(k) = 4*k - k**2 - 9 + 14 + 1. Let q be s(5). Let j(p) = -16*p**3 + p - 1. What is j(q)?
-16
Suppose -2 = 2*f - 6. Let o(l) = -l**3 + 9*l**2 - 7*l - 4. Let w be o(8). Let b(s) = -4 - s**2 - 3*s + 0*s**f + 0 + w*s. What is b(3)?
-10
Suppose -69*h + 132*h = 53*h + 20. Let r be 1 + -1 + (1 - -2). Let s(a) = -r*a - a + 0*a + 2. Give s(h).
-6
Let p = -18 + 18. Suppose 5*d - 3*d = p. Let l(t) = -t**2 + 2. Give l(d).
2
Let i(h) be the first derivative of -h**3/3 + 9*h**2/2 + 2*h - 89. What is i(10)?
-8
Let g(c) be the first derivative of c**3/3 - 3*c**2 + 44*c + 50. Let k(l) be the first derivative of g(l). Determine k(0).
-6
Let f = -301 + 298. Let w(g) = -g**3 - 5*g**2 - 2*g + 4. Calculate w(f).
-8
Let o(v) be the first derivative of v**4/4 + 2*v**3/3 - 5*v**2/2 - 2*v - 1. Let m = -45 - -48. Suppose -3*w + b = 4, -13 = w - b + m*b. Give o(w).
4
Suppose 0 = -4*l - 8 - 24. Let z be 2/l + 0 + (-9)/12. Let g(m) = -m + 1. Calculate g(z).
2
Let z(k) = -11*k**2 + 4*k - 1. Let j(y) = -10*y**2 + 5*y - 1. Let m(h) = -3*j(h) + 4*z(h). What is m(2)?
-55
Let h(r) = -3*r + 1. Let y be -390*(-2 + 20/8). Let m be 2/(6/y) - 1. Let x be 78/m + (-2)/(-11). Calculate h(x).
4
Let w(i) = i**3 - 6*i**2 - 2*i + 5. Let d(m) = 6*m**2 - m - 1. Let u be 22/(-11)*(-2)/(-4). Let p be d(u). What is w(p)?
-7
Let q(r) = -4*r**3 + 21*r**2 - 2*r + 13. Let p(m) = -3*m**3 + 14*m**2 - m + 11. Let u(l) = -3*p(l) + 2*q(l). Let d = 1 + -1. Suppose -3*b = -d*b. Give u(b).
-7
Let j(t) = -t**3 - 2*t**2 - t + 1. Let r be j(-2). Let k(v) = -9 - v**2 - 1 + r*v + 17. Calculate k(5).
-3
Let v(y) = -4*y**2 + 5*y - 3. Suppose 3*o - 19 = -5*l, -5*o = 2*l + l - 21. Calculate v(l).
-9
Let i(a) be the first derivative of -a**3/3 - 11*a**2/2 - 12*a - 3. Let u(w) be the first derivative of i(w). Calculate u(-8).
5
Suppose -2 - 13 = -3*t. Let o(l) = 2*l**2 - 2*l - 2. Let f be o(2). Let x(j) = 2*j + 2 - 5*j - j**3 - j**2 + 7*j**f. Give x(t).
12
Let q(n) = -n + 1. Let a(m) = 8*m + 5. Let p(o) = -a(o) + 4*q(o). Suppose 0 = 3*h + h - 4. What is p(h)?
-13
Let c = 9 + -8. Let h(o) = 1003*o. Let d(m) = 17*m. Let z = -31 - -29. Let i(a) = z*h(a) + 119*d(a). Give i(c).
17
Let o(i) = 10*i**3 - 5*i**2 - 4*i - 13. Let p(l) = 7*l**3 - 3*l**2 - 3*l - 9. Let g(c) = 5*o(c) - 7*p(c). Let r(w) = -w - 8. Let a be r(-12). Determine g(a).
2
Suppose -478*h + 484*h = -24. Let c(a) = a**3 + 4*a**2 - 6. Determine c(h).
-6
Let x be 6/(-12)*1 - (-36)/(-8). Let s(d) = d**2 + 4*d + 4. Calculate s(x).
9
Suppose -4*c = -3*c - 1. Suppose -65*o + 24 = 2*q - 62*o, 4 = o. Let a(b) = 4 - 6 - c + q - 8*b. Calculate a(2).
-13
Let g(k) be the second derivative of k**3 - 1/12*k**4 + 3*k**2 + 0 - 13*k. Determine g(6).
6
Let g be (35/((-14)/(-2)))/(-1). Let p(j) be the first derivative of j**4/4 + 2*j**3 + 2*j**2 - 2*j + 1. What is p(g)?
3
Let p = 6 + -3. Suppose 8*f + 11 = p. Let d(u) = 9*u + 1. Calculate d(f).
-8
Let s(k) = -11*k**3 + 12*k**2 + k + 4. Let c(z) = -4*z**3 + 4*z**2 + 1. Suppose 12 = l + 4. Let w(u) = l*c(u) - 3*s(u). Determine w(5).
6
Let a(r) = -3*r - 2. Suppose 2*z + 16 = -s, -2*z + 4*z = s + 32. Let y be s/18*3/(-2). Calculate a(y).
-8
Let w(a) = -8*a + 7. Let k = 373 + -380. Calculate w(k).
63
Let y(f) = -f**2 - 6*f - 10. Suppose -5 = -3*n - 2*v - 17, -20 = 5*n + 3*v. Calculate y(n).
-2
Let o be 3/2*(-6)/(-9). Suppose 10 = -4*l + 2*q, -l - o - 12 = -4*q. Let b(t) = 1 + 1 - 3 + 4*t + 2. Determine b(l).
-3
Let s(q) = -2 + 7*q - q - 3*q + 0*q. Let i be ((-20)/6 - -3) + 5/(-3). Determine s(i).
-8
Suppose 5*h - 207 = 3*o, -h + 2*o - 6 + 46 = 0. Let n be ((-3)/6)/(3/h). Let c(j) = -2*j - 6. Determine c(n).
8
Let w(u) = 2*u + 2. Let b(l) = -28*l - 35. Let x(v) = b(v) + 10*w(v). Give x(-4).
17
Let y = 99 + -99. Let f be (-4 + -1 + y)/1. Let u(n) = 2*n + 1. Determine u(f).
-9
Let g(u) = 3*u**3 - 3*u + 1. Let i(a) = -a + 14. Let t be i(14). Suppose 4*s = -4*j - t*j + 28, j + 8 = 2*s. Determine g(j).
19
Let o(q) = -2*q + 7. Suppose -446 + 470 = 4*n. Suppose -5*f = 3*z - 20, -14 = -3*f - 2. Suppose -a = -z - n. Determine o(a).
-5
Let w(g) = 2*g - 21. Let c be (-16)/(-12)*(-15)/(-2). Determine w(c).
-1
Let y(v) = 7*v - 21. Let c(k) = -k + 4. Let i(q) = -4*c(q) - y(q). Determine i(0).
5
Suppose 0 = -5*v + 5, -3 = -4*p + 2*v - v. Let l be -4 + 14 + p + -6. Let g(q) be the third derivative of q**5/60 - q**4/4 + 7*q**3/6 + q**2. Calculate g(l).
2
Let o(c) = c**3 - 6*c**2 - 4*c - 11. Let x = 1492 - 1485. Give o(x).
10
Let z = -13 - -16. Suppose -4*t - z*v = 4, 4 = 4*t - 8*t + 5*v. Let n(p) = p**2 - p. Determine n(t).
2
Let d(v) = v**2 - 3*v. Let n be (-48)/(-64) + (-58)/(-8). Suppose -19*q = -21*q + n. Determine d(q).
4
Let x(y) = 8*y - 47. Let q(m) = m - 1. Let t(p) = -6*q(p) + x(p). Calculate t(16).
-9
Let c(i) be the third derivative of i**4/24 - 5*i**3/3 - 5*i**2 - 7. Calculate c(13).
3
Let r(k) = 11*k**2 + 4*k + 3. Let z(m) = -25*m**2 - 9*m - 6. Let p(v) = -9*r(v) - 4*z(v). What is p(4)?
13
Let m(h) = h - 4. Let q(u) = 4*u - 16. Let p be q(5). Suppose 0 = k + 6*k - p*k. Calculate m(k).
-4
Let l(i) = -7*i - 3. Let m(y) = 2*y. Let v(c) = -l(c) - 3*m(c). Determine v(-3).
0
Let d(w) = w**2 - 5*w + 3. Suppose -3*x + y - 3 = 5, -4*x + 4*y = 0. Suppose -4*p + 2 + 2 = 0. Let b be (2 - (x + 2)) + p. Determine d(b).
3
Let f(a) = 3*a**2 - 8 + 15517*a - 15506*a - 4*a**2. Determine f(10).
2
Suppose q + 2*q - 426 = 0. Let n(v) = 5 - 2*v + q*v**3 - 4 + v**2 - 141*v**3. Give n(2).
9
Let d(p) = p**2 - 21*p + 38. Let b = -1865 - -1884. What is d(b)?
0
Let x(n) = n**3 - 3*n**2 - n + 2. Let z be x(0). Let i(w) = -1 - 4 + 4 - z*w**2 + 3. Let y = 1 - -1. What is i(y)?
-6
Let a be 3 - (-10)/(-4)*-2. Let o = a - 15. Let g(i) = -i**2 - 8*i - 7. Let b(j) = -4*j**2 - 31*j - 27. Let s(h) = 2*b(h) - 9*g(h). Calculate s(o).
-12
Let v(x) be the first derivative of -x**4/4 + 2*x**3 - 4*x**2 + 7*x - 5. Let w be (-2 - 36/(-4)) + -2. What is v(w)?
-8
Let z(j) = j. Suppose -2*h - 14 = -2*d, 5*h + 34 = 3*d + 5. Suppose 0*f + 6*f = 54. Let u be ((-6)/f)/(h/(-6)). Determine z(u).
-1
Let m(p) = -6*p - 15. Let r(v) = 4*v + 8. Let h(t) = 3*m(t) + 5*r(t). Let j be 2/(-10) - (-26)/5. Let a be h(j). Let b(k) = -k**2 + 3*k - 1. What is b(a)?
-11
Suppose 2 = 5*l - 4*l. Let h(p) be the third derivative of -p**5/40 + p**4/24 - p**3/3 + 3*p**2. Let y(f) be the first derivative of h(f). What is y(l)?
-5
Let t(l) be the second derivative of -2*l**3/3 + 9*l**2 + 78*l - 1. What is t(3)?
6
Let t(a) = 11*a + 3. Let d(r) = 32*r + 8. Let g(j) = 4*d(j) - 11*t(j). Suppose -164*h = -2*n - 160*h - 34, -3*n - 23 = -2*h. Give g(n).
-22
Let n(z) = z. Suppose 2*t + 3*c + 19 = 0, -3*t + t - 24 = 4*c. Let k(i) = -3*i + 1. Let f(m) = t*n(m) - k(m). Determine f(-5).
-6
Let b = -85 + 90. Suppose -5*t = -0*t - 15. Suppose t*o - 5*u + b - 3 = 0, 5*o = 5*u. Let m(w) = -5*w. What is m(o)?
-5
Suppose 0 = -0*c + 3*c + 12, -3*c - 156 = 4*t. Let j be 3/(-2) + t/(-24). Let r(g) be the first derivative of g**2/2 + 6*g + 1. Determine r(j).
6
Suppose 10*s + 115 = -13*s. Let o(f) = 2*f + 16. Calculate o(s).
6
Let k(m) = 0*m + 0*m - 2*m. Let r(n) = n. Suppose -18 = -4*a - 2*l, 4*l = 4*a + 5*l - 15. Let i(x) = a*k(x) + 4*r(x). Calculate i(-2).
4
Let k = -2 - -4. Let x(q) = 2 - 3 + 0*q**2 + 0*q**2 - q**3 + q - q**k. Suppose 15*r - 4*r - 12*r = 0. Determine x(r).
-1
Let l(f) = f**3 + 0*f**3 - f**3 - 5 + f**3. Suppose -i = -5*k + 11 + 9, 2*i = 2*k - 8. Determine l(i).
-5
Let p(n) = 4*n**2. Let f be 12/15 + (-3)/(-15). Give p(f).
4
Let w(i) = -i**3 + 17*i**2 - 17*i + 22. Let v be -5 + 160/16 - (-11)/1. Determine w(v).
6
Suppose 10*s - 9*s - 4 = 0, -s = 5*f - 89. Let p(r) = -r**3 + 18*r**2 - 19*r + 7. What is p(f)?
-27
Let a(o) = -15*o - 8*o**2 - 11*o**2 + 2*o**2 - o**3 + 13. Let z be a(-16). Let i(w) = w**3 + 4*w + 